 = o - -22. List the prime factors of b.
11
Let x = 14 + -9. Suppose -4*w + 2*w = -4. Suppose -x*n + 17 = w. List the prime factors of n.
3
What are the prime factors of -3 + (0 + 3)*(-214)/(-3)?
211
Let c be (-3)/12 - (-66)/8. Let g(m) be the second derivative of m**4/12 - 4*m**3/3 + 11*m**2/2 + m. List the prime factors of g(c).
11
Let r(s) = 3*s**2 + s - 4. Let m = -6 + 11. Let d be r(m). List the prime factors of d/2*5/10.
19
Let n(h) = -2*h**3 - 2*h**2 + 23*h + 7. What are the prime factors of n(-5)?
2, 23
Suppose -6*u + 4*u = -56. Suppose -8 - u = -4*a. What are the prime factors of a?
3
Let o(d) = 6*d**3 + d**2. Let u be o(1). Suppose 4*m - m = -3*t, -5*t = 5. Suppose 0 = -l + m + u. What are the prime factors of l?
2
Let l(d) = -d**2 + 20*d + 5. Let m(h) = 7*h + 2. Let o(i) = -2*l(i) + 7*m(i). List the prime factors of o(-7).
3, 13
Let c = 33 - 2. List the prime factors of c.
31
Let x = 10 + 7. Let s(m) = -2*m. Let i be s(-6). Let j = x - i. List the prime factors of j.
5
Suppose 0 = -0*i - 4*i + 524. List the prime factors of i.
131
Let i(o) = o**2 - 5*o - 6. Let s be i(5). Let l(d) = d + 11. What are the prime factors of l(s)?
5
Suppose -3*u - 2*u = -115. What are the prime factors of u?
23
Suppose -5*v + 0*v = -4*z + 25, -5*z + 41 = -3*v. Let d = z + 8. What are the prime factors of d?
2, 3
Suppose -555 = 7*b - 2207. What are the prime factors of b?
2, 59
What are the prime factors of (-2)/7 + 4842/42?
5, 23
Suppose -77 = -3*h + 13. List the prime factors of h.
2, 3, 5
Suppose 4*h - 164 = 88. Suppose -3*g = h + 57. What are the prime factors of 3/2*g/(-6)?
2, 5
Let g(r) = -2*r**2 + 43*r - 7. What are the prime factors of g(13)?
2, 107
Suppose -2 - 3 = 5*p. Let a be p/3 - 21/(-9). Suppose a = -3*h + 8. List the prime factors of h.
2
Let g(f) = -f**2 - 9*f + 6. Let o be g(-6). Let x = o + -17. List the prime factors of x.
7
Let p(j) = j**3 + 10*j**2 - 11*j + 16. Suppose -4*x = -9*x - w - 21, 0 = x - 2*w + 2. Let b(a) = a**2 + 7*a + 1. Let l be b(x). List the prime factors of p(l).
2
Suppose -58 = -l - l. Let s = 62 - l. List the prime factors of s.
3, 11
Let g = -19 - -12. Let a(u) = u**3 + 6*u**2 - 8*u - 5. Let q be a(g). Suppose -q*x - 2*x = -64. What are the prime factors of x?
2
Let n(f) be the second derivative of -1/12*f**4 + f - 5/3*f**3 + 0 - 9/2*f**2. List the prime factors of n(-6).
3, 5
Let q be ((-7)/21)/(2/(-12)). Suppose 8 = -2*l - 4*h - 0, -q = 2*l + 2*h. List the prime factors of l.
2
Suppose -61*q + 270 = -59*q. List the prime factors of q.
3, 5
Let b(p) = -p**3 + p - 1. List the prime factors of b(-4).
59
Suppose -4 = -u - 0*u. Suppose -u*t - 2 = g - 9, 2*g + 5*t = 23. List the prime factors of g.
19
Let p(j) = j**2 + 7*j - 12. Let a(z) = z**3 + 7*z**2 + 7*z + 9. Let v be a(-6). Suppose 27 = -v*w - 3*c, w + 2 + 7 = -4*c. List the prime factors of p(w).
2, 3
Suppose 4*a + 12 = 2*h, 0 = -2*h - 3*a - 0*a - 2. Suppose -3*m = -o + 19, -h + 17 = o + m. List the prime factors of o.
2
Let b = 21 - -15. What are the prime factors of b?
2, 3
Let q(h) = 74*h**2 + 1. What are the prime factors of q(-1)?
3, 5
Let b = 22 - 12. List the prime factors of b.
2, 5
Let p = -5 + 0. Let w = -8 - p. What are the prime factors of 6 + 1 - (w - -1)?
3
Let o = 3 + 0. Let y = 5 - o. What are the prime factors of y?
2
Let x = 6 - 8. Let p(u) = u**2 - u - 2. Let s be p(x). Suppose -s*i - 7 + 53 = 3*h, 3*h = -6. List the prime factors of i.
13
Let v = -10 + 37. Let k be (3 - v/6)*-4. Suppose k*j = j + 75. List the prime factors of j.
3, 5
Let g = 80 + -48. List the prime factors of g.
2
Suppose 5*w = -b - 50 - 0, 0 = 3*b - w + 70. Let r = b + 42. List the prime factors of r.
17
Suppose 2*f - 25 + 3 = 0. Let r = f + -8. Suppose -a + r = -4. What are the prime factors of a?
7
Suppose -195 + 61 = -4*j + 2*m, 3*m - 173 = -5*j. What are the prime factors of j?
2, 17
Suppose -4*t + t = 0. What are the prime factors of t/(-1) + 0 - -13?
13
Suppose -49*n = -44*n - 665. What are the prime factors of n?
7, 19
Let n be 2 + -3 - 99/(-3). Suppose 2*y + 4*b = n, b = -2*y - b + 22. What are the prime factors of y?
2, 3
Let c = 0 - 0. Let o = -7 + 12. Suppose o = -i + d + 3*d, 3*i - 3*d - 12 = c. What are the prime factors of i?
7
Suppose k = 3*v + 72, -3*v - 308 = -5*k - v. Suppose -2*o = o - k. What are the prime factors of o?
2, 5
Suppose -4*p = -5*p + 20. What are the prime factors of p?
2, 5
Let v = -1 - -3. Suppose -v*l = -6*l + 28. What are the prime factors of l?
7
Let m(d) = -2*d - 15. Let i be m(-7). List the prime factors of (54/(-4))/(i/2).
3
Let l = -22 - -25. Suppose 6 = -3*o, 0 = l*z + 5*o - 76 - 61. What are the prime factors of z?
7
Suppose 49 = -o + 3*o - 5*u, u = 5*o - 65. Suppose 4*k + 4*q = k + 6, -q = 5*k - 10. Suppose o = 4*z + 4*c, -z - c = k*z - 7. What are the prime factors of z?
2
Suppose 2*z + 135 = -5*r, 4*z - z = -r - 27. Let o = r - -45. Suppose -o = -6*d + 3*d. List the prime factors of d.
2, 3
Let j = -62 + 241. What are the prime factors of j?
179
Let v(y) = -y**2 + 2*y + 2. Let d be v(4). Let t be d/(-2)*3/3. Let x = t + 4. What are the prime factors of x?
7
Let c(z) = -z**2 - 9*z + 14. Let a be c(-10). Suppose -3*u = -u - a. Suppose 3 + u = i. What are the prime factors of i?
5
Suppose 2*m = -5*w - 0*m + 665, -m = w - 130. List the prime factors of w.
3, 5
Suppose -7*t + t = -198. What are the prime factors of t?
3, 11
Let j = -11 - -18. Suppose 0 = 2*h - 7 - 1. Let m = h + j. List the prime factors of m.
11
Suppose 0 = -g + 2*q + 2, q + 2*q - 11 = -2*g. Let n be (-26)/(-2) + g + -5. Let l = n - -4. What are the prime factors of l?
2
What are the prime factors of 1 + (-12)/8*-12?
19
Let x(r) = -3 + 5*r + 5*r**2 - 6*r**2 + 9. Let g be x(5). What are the prime factors of 20/g*(-24)/(-10)?
2
Suppose -8 = -2*k - 20. List the prime factors of ((-4)/5)/(k/45).
2, 3
Let k = 1 - 2. Let p(c) be the second derivative of c**4/3 + c**3/6 - 12*c. What are the prime factors of p(k)?
3
Let s = 28 + 17. What are the prime factors of s?
3, 5
Let t(j) = j**2 + 4*j + 3. Suppose 3*k = 3*n + 1 - 19, -k - 3*n = -2. What are the prime factors of t(k)?
3
Let m = -47 - -104. What are the prime factors of m?
3, 19
Let j(y) = -3*y**2 + 4. Let m(z) = 4*z**2 - 5. Let o(s) = 5*j(s) + 4*m(s). Let c = -2 + -1. What are the prime factors of o(c)?
3
Let q be (-12)/(-2)*(-2)/(-4). List the prime factors of 29/q + (-3)/(-9).
2, 5
List the prime factors of (-72)/20*425/(-10).
3, 17
Let v(u) = 38*u + 2. Let f be v(2). Suppose -5*m = d - 130, 0*d + 3*d + f = 3*m. What are the prime factors of m?
2, 13
Suppose 4*h - 51 = h. Let b = h - 9. What are the prime factors of b?
2
Let k(o) = o + 8. Let r be k(-6). Let t = r - 4. What are the prime factors of (t - (-2 - 0)) + 8?
2
Let k = 114 - 63. List the prime factors of k.
3, 17
Suppose -2*b + 113 = 5. Let w = b + -38. List the prime factors of w.
2
Suppose h - 2 = -3*w - 5, w = -3*h - 1. Suppose h = 2*k + 2*g - 4*g - 50, k + 2*g - 28 = 0. What are the prime factors of k?
2, 13
Suppose 5*x + 1 = -29. Let h be 3/(x/(-1))*-2. List the prime factors of ((-10)/3)/(h/3).
2, 5
Suppose 2*m - 5*g - 70 = 0, 74 = 3*m + 4*g - 54. Let n be (1 + 9)*26/4. Suppose 5*k - n - m = 0. What are the prime factors of k?
3, 7
Suppose 2*o = 2*d + 274, 0 = 7*o - 2*o + 4*d - 712. List the prime factors of o.
2, 5, 7
Suppose -3*s + 8*m - 3*m = -111, -5*s - m = -185. What are the prime factors of s?
37
Let t = -27 + 19. What are the prime factors of 110/50 + t/(-10)?
3
Suppose -2*n + 2 = -n. Let r(p) = 4*p - 1 - 4*p + n*p - p. What are the prime factors of r(6)?
5
Let o(k) = 26*k - 49. List the prime factors of o(6).
107
Let s be 2/(-10) - (-909)/45. What are the prime factors of 105/s - 1/4?
5
Suppose q - 3*b - 29 - 29 = 0, 0 = -2*q + b + 111. What are the prime factors of q?
5, 11
Let g(m) = -m + 4. Suppose 0 = 4*v - 9 - 7. Let l be g(v). Suppose -10 = -3*u - 5*x, 0 = u + 4*x - 1 - l. List the prime factors of u.
5
Suppose -26*x = -15*x - 3476. What are the prime factors of x?
2, 79
Suppose 0 = 4*o + o + 4*g - 7, -5*o + 25 = -5*g. Suppose 5*q - s + 2*s = 54, -o*q + 3*s = -36. What are the prime factors of q?
11
Suppose -237*a - 1384 = -241*a. What are the prime factors of a?
2, 173
Suppose 4*a + 143 - 23 = 0. Let k = a + 42. Let m = k - 0. L